{"id":1622,"date":"2017-01-21T05:18:04","date_gmt":"2017-01-21T03:18:04","guid":{"rendered":"http:\/\/bettinakhano.de\/start\/?page_id=1622"},"modified":"2017-01-21T05:37:23","modified_gmt":"2017-01-21T03:37:23","slug":"joern-schafaff","status":"publish","type":"page","link":"http:\/\/bettinakhano.de\/start\/joern-schafaff\/","title":{"rendered":"J\u00f6rn Schafaff"},"content":{"rendered":"<p>&nbsp;<\/p>\n<p>&nbsp;<\/p>\n<p>&nbsp;<\/p>\n<p><strong>Bettina Khano<\/strong><\/p>\n<p>28.3. 2014 \u2013 18.5.2014, Oldenburger Kunstverein<\/p>\n<p>Hier und woanders, davor und dahinter, anwesend und abwesend zugleich. Bettina Khanos Arbeiten konstruieren Erfahrungsr\u00e4ume, in denen sich die Ambivalenz gegenw\u00e4rtiger Existenz in exemplarischer Weise nachvollziehen l\u00e4sst. Ihre Setzungen changieren zwischen Bild und Objekt, die von ihr verwendeten Materialien sind k\u00fchl-technoid und verm\u00f6gen es doch, geradezu magische Oberfl\u00e4cheneffekte herzustellen, die den Betrachter nicht nur visuell, sondern mit seiner gesamten K\u00f6rperlichkeit einbeziehen. Es entstehen Szenerien, die formal an die erweiterten Situationen der Minimal Art erinnern, in j\u00fcngster Zeit aber auch die Vorstellung konkreter R\u00e4umlichkeiten evozieren, eines Schlafzimmers etwa oder eines Salons. Hierf\u00fcr kn\u00fcpft sie an die B\u00fchnenhaftigkeit oder Theatralit\u00e4t an, die seit der Minimal Art als Merkmal raumbezogener, raumbildender Kunst gilt. Gleichzeitig verwendet sie Mittel und Verfahren, die tats\u00e4chlich aus den Bereichen des Theaters und des Kinos stammen. Lose und flexibel befinden sich einzelne Exponate im Raum, solit\u00e4r und doch auf eine bestimmte Art und Weise miteinander verbunden, durch ihre Materialit\u00e4t, durch ihre Platzierung, durch eine Atmosph\u00e4re. So ger\u00e4t nicht zuletzt die Ausstellung selbst in den Fokus und mit ihr jener Raum, der nach wie vor das Machen, Zeigen und Betrachten von Kunst bestimmt: der White Cube.<\/p>\n<p>Angelockt werden wir durch ein skulpturales Objekt, das sich in seiner Erscheinung einer materiellen Zuordnung widersetzt (<em>HD RF-1025<\/em>, 2014). Mal scheint es wie ein weicher, samtiger Umhang, der gerade mitten im Raum abgestreift und achtlos liegengelassen wurde, mal wirkt die schillernde Oberfl\u00e4che hart und kalt, wie ein Gesteinsfelsen. Welcher Sph\u00e4re entstammt dieses Material und worin besteht sein \u00fcblicher Gebrauch?<\/p>\n<p>Ein Paravent, der sich grazil durch den Raum schl\u00e4ngelt, stellt sich uns in den Weg (<em>Screen<\/em>, 2014). Konzipiert um vor Blicken und Wind zu sch\u00fctzen, Inseln des Privaten und Intimen zu schaffen, markiert der Raumtrenner eine Grenze, auch wenn diese fragil und beweglich bleibt. Schlie\u00dflich lassen sich bestehende R\u00e4ume mit Hilfe des Paravents auf einfache Weise umstrukturieren. Der Paravent faltet ein Au\u00dfen in das Innere eines Raumes ein und umgekehrt. Dies umso mehr Glasfl\u00e4chen unvermutet Blicke zulassen, w\u00e4hrend im n\u00e4chsten Moment der Blick durch eine Spiegelung zur\u00fcckgeworfen wird.<\/p>\n<p>Der Spiegel ist eine zentrale Metapher in den Theorien des Kinos. Wie das Bild des Spiegels erweckt das Filmbild den Eindruck unmittelbarer Anwesenheit, w\u00e4hrend das, was wir sehen, uns doch absolut unzug\u00e4nglich bleibt. Ein Bildschirm zeigt einen Film, der das Kino selbst zum Thema macht (<em>KINO<\/em>, 2012). Es erscheint als Schriftzug, als Objekt, als Vergehen von Zeit, als Verlauf von Tages- zu Kunstlicht.<\/p>\n<p>Kunstlicht ist auch das Material, mit dem ein Scheinwerfer in einem schmalen Gang ein gro\u00dfes rechteckiges Lichtfenster auf die Wand wirft (<em>Lichtrechteck<\/em>, 2014). Aus der Ferne formt der Kegel des Lichts einen K\u00f6rper, von Nahem verwandelt er sich in eine leuchtende Fl\u00e4che auf der Wand.<\/p>\n<p>Auf der anderen Seite der Wand, genau an derselben Stelle, h\u00e4ngt ein Vorhang. Von au\u00dfen dringt warmes Licht herein, die Streben des Fensters zeichnen ein Muster, der Schattenriss eines Strauches ist zu erkennen (<em>Drau\u00dfen<\/em>, 2014). Die Befragung des Raumes und seiner Grenzen, das Spiel von Anwesenheit und Abwesenheit, von Durchblicken und dem Zur\u00fcckwerfen des Blicks findet sich auch in dieser Arbeit wieder. Denn tats\u00e4chlich handelt es sich nur um das Bild eines Fensters, einen Druck auf wei\u00dfem Leinen. W\u00e4hrend die Arbeit einerseits die Vorstellung auf die Welt au\u00dferhalb \u00f6ffnet, betont sie andererseits die Abwesenheit dieser Welt und wirft uns auf unsere Anwesenheit hier vor Ort zur\u00fcck.<\/p>\n<p>Hier, das ist ein Raum im Raum im Oldenburger Kunstverein, die Kulisse eines White Cube, eingestellt in den gr\u00f6\u00dferen Ausstellungssaal. Der durch das Fenster dringende Lichtkegel, so scheint es, durchquert den Raum bis er auf die Aluminiumoberfl\u00e4chen des dem Vorhang gegen\u00fcber platzierten Diptychons (<em>Davor<\/em>, 2014) trifft. Der Raum selbst kommt zur Auff\u00fchrung und mit ihm jene Ort- und Bezugslosigkeit, die zugleich die Problematik und das Potenzial des White Cube ausmachen: Die notorische Abgeschiedenheit von der kulturellen und sozialen Wirklichkeit einerseits erm\u00f6glicht andererseits, immer wieder aufs Neue eigene Welten entstehen zu lassen, in denen sich die Bedingungen und M\u00f6glichkeiten der Welt da drau\u00dfen erproben, erforschen und er\u00f6rtern lassen.<\/p>\n<p>J\u00f6rn Schafaff<\/p>\n<hr \/>\n<p>&nbsp;<\/p>\n<p><strong>Bettina Khano<\/strong><\/p>\n<p>28.3. 2014 \u2013 18.5.2014, Oldenburger Kunstverein, Germany<\/p>\n<p>Here and elsewhere, before and behind, present and absent, simultaneously. Bettina Khano\u2019s works construct spaces of experience, enabling us to grasp the ambivalence of contemporary existence in an exemplary manner. Her sets hover between image and object, the materials she employs are cool, technoid, yet create all but magical surface effects that encapsulate the observer visually as well as with his\/her entire physicality. The resultant sceneries formally are reminiscent of the expanded situations of Minimal Art, and beyond this, more recently, evoke the perception of specific spaces, such as a bedroom or a living room. Khano connects with the notion of stage, of theatricality that since the emergence of Minimal Art has been recognized as a characteristic of space-oriented, space-creating art. At the same time, she uses materials and processes that originate in the realms of theatre and cinema. Loosely, flexibly, the individual exhibits occupy the space, solitarily yet interconnected \u2013 in their materiality, their placement, by an atmosphere. Thus, the exhibition itself becomes the central focus point and with it, the space that continues to shape the making, the showing and the observation of art: the White Cube.<\/p>\n<p>We are lured into the exhibition by a sculptural object (<em>HD RF-1025<\/em>, 2014), whose appearance evades all material definition. At times, it appears to be a soft, velvety gown that has just been dropped in the midst of the room and left behind negligently, at times the iridescent surface seems hard and cold, just like a rock. What sphere does this material emanate from and what is its conventional application?<\/p>\n<p>A folding screen, which delicately winds through the room, blocks our path (<em>Screen<\/em>, 2014). Conceptualized to shelter from glances and wind, to create isles of the private and the intimate, the partition marks a boundary, albeit fragile and mobile. Existing spaces can easily be modified by using a folding screen. A folding screen inverts the external into the internal space and vice-versa. Even more so, as glass inserts unexpectedly open up views, only to be reflected back at the viewer by a mirror.<\/p>\n<p>The mirror constitutes a central metaphor in the theories of cinema. Just as the image of the mirror does, the image of the film evokes the impression of imminent presence, while that, which we see, remains absolutely unapproachable to us. A monitor displays a movie that deals with cinema itself (<em>KINO<\/em>, 2012 \u2013 <em>CINEMA<\/em>, 2012). It appears as writing, as object, as passing of time, as progression from day- to artificial light.<\/p>\n<p>Artificial light from a spotlight in a narrow corridor draws a large rectangular window of light onto the wall (<em>Lichtrechteck<\/em>, 2014 \u2013 <em>Rectangle of Light<\/em>, 2014). From afar, the cone of light forms a body, from close up it mutates into a luminous surface on the wall.<\/p>\n<p>Precisely opposite, on the other side of that wall, hangs a curtain. Warm light permeates it from outside, the beams of the window paint a pattern, the silhouette of a bunch of flowers is discernible (<em>Drau\u00dfen<\/em>, 2014 \u2013 <em>Outside<\/em>, 2014). Examining space and its boundaries, the interplay of presence and absence, of looking through and throwing back the gaze are reflected in this work. In reality, this is the image of a window, a print on white linen. This work opens up the view of the outside world while simultaneously illustrating its absence, bringing us back to our presence in this specific space.<\/p>\n<p>Here \u2013 that\u2019s a space within the space of the Oldenburger Kunstverein, the setting of a White Cube, positioned within the larger exhibition hall. The cone of light that permeates the window appears to traverse the hall until it meets the aluminum surface of the diptych that hangs on the wall opposite the curtain (<em>Davor<\/em>, 2014 \u2013 <em>Before<\/em>, 2014). The room itself emerges onto the stage and with it the lack of reference, of context that is the essence of the problem and the potential scope of the White Cube: The notorious seclusion from the cultural and social reality on the one hand side allows for the emergence of ever new worlds on the other hand side, within which we can test, explore and debate the conditions and opportunities of the world outside.<\/p>\n<p>J\u00f6rn Schafaff<\/p>\n","protected":false},"excerpt":{"rendered":"<p>&nbsp; &nbsp; &nbsp; Bettina Khano 28.3. 2014 \u2013 18.5.2014, Oldenburger Kunstverein Hier und woanders, davor und dahinter, anwesend und abwesend zugleich. Bettina Khanos Arbeiten konstruieren Erfahrungsr\u00e4ume, in denen sich die Ambivalenz gegenw\u00e4rtiger Existenz in exemplarischer Weise nachvollziehen l\u00e4sst. Ihre Setzungen changieren zwischen Bild und Objekt, die von ihr verwendeten Materialien sind k\u00fchl-technoid und verm\u00f6gen es [&hellip;]<\/p>\n","protected":false},"author":1,"featured_media":0,"parent":0,"menu_order":0,"comment_status":"open","ping_status":"open","template":"","meta":{"footnotes":""},"class_list":["post-1622","page","type-page","status-publish","hentry"],"_links":{"self":[{"href":"http:\/\/bettinakhano.de\/start\/wp-json\/wp\/v2\/pages\/1622","targetHints":{"allow":["GET"]}}],"collection":[{"href":"http:\/\/bettinakhano.de\/start\/wp-json\/wp\/v2\/pages"}],"about":[{"href":"http:\/\/bettinakhano.de\/start\/wp-json\/wp\/v2\/types\/page"}],"author":[{"embeddable":true,"href":"http:\/\/bettinakhano.de\/start\/wp-json\/wp\/v2\/users\/1"}],"replies":[{"embeddable":true,"href":"http:\/\/bettinakhano.de\/start\/wp-json\/wp\/v2\/comments?post=1622"}],"version-history":[{"count":4,"href":"http:\/\/bettinakhano.de\/start\/wp-json\/wp\/v2\/pages\/1622\/revisions"}],"predecessor-version":[{"id":1636,"href":"http:\/\/bettinakhano.de\/start\/wp-json\/wp\/v2\/pages\/1622\/revisions\/1636"}],"wp:attachment":[{"href":"http:\/\/bettinakhano.de\/start\/wp-json\/wp\/v2\/media?parent=1622"}],"curies":[{"name":"wp","href":"https:\/\/api.w.org\/{rel}","templated":true}]}}